t are the prime factors of 46647499?
331, 140929
What are the prime factors of 26211901?
26211901
What are the prime factors of 75193522?
2, 37596761
What are the prime factors of 56599909?
29, 1951721
List the prime factors of 318427554.
2, 3, 1249, 42491
List the prime factors of 525869182.
2, 31, 47, 180463
List the prime factors of 252193322.
2, 463, 272347
What are the prime factors of 117293728?
2, 61, 60089
List the prime factors of 129831868.
2, 191, 169937
List the prime factors of 3123818043.
3, 1041272681
List the prime factors of 68904645.
3, 5, 4593643
What are the prime factors of 946999776?
2, 3, 9864581
What are the prime factors of 1658382348?
2, 3, 7, 3881, 5087
What are the prime factors of 252442046?
2, 37, 379, 9001
List the prime factors of 412331739.
3, 137443913
List the prime factors of 408699392.
2, 89, 8969
List the prime factors of 97821604.
2, 17, 773, 1861
List the prime factors of 601000211.
7, 85857173
What are the prime factors of 661088977?
23, 859, 33461
What are the prime factors of 667371761?
7, 95338823
List the prime factors of 153529273.
2203, 69691
List the prime factors of 2992372208.
2, 7, 41, 651649
What are the prime factors of 370717661?
370717661
What are the prime factors of 39668992?
2, 11, 14087
What are the prime factors of 99506465?
5, 19901293
List the prime factors of 1089250322.
2, 971, 560891
List the prime factors of 158428188.
2, 3, 89, 197, 251
List the prime factors of 1243500876.
2, 3, 11513897
What are the prime factors of 39880072?
2, 569, 8761
List the prime factors of 1217841713.
11, 2851, 38833
What are the prime factors of 10596883?
11, 883, 1091
List the prime factors of 981483569.
11, 29, 3076751
List the prime factors of 169955158.
2, 84977579
What are the prime factors of 3009484597?
7, 71, 865043
List the prime factors of 53547714.
2, 3, 11, 270443
What are the prime factors of 72492813?
3, 894973
What are the prime factors of 766598574?
2, 3, 7, 18252347
List the prime factors of 7105048353.
3, 13, 20242303
What are the prime factors of 16922582?
2, 17, 53, 9391
List the prime factors of 3149842080.
2, 3, 5, 7, 11, 85223
List the prime factors of 319278197.
7, 29, 1572799
What are the prime factors of 115980975?
3, 5, 11, 46861
List the prime factors of 33385589.
33385589
List the prime factors of 2248680040.
2, 5, 5309, 10589
List the prime factors of 1228615328.
2, 541, 70969
List the prime factors of 38590902.
2, 3, 7, 163, 1879
What are the prime factors of 94282636?
2, 7, 19, 177223
What are the prime factors of 16945944?
2, 3, 47, 83, 181
List the prime factors of 860831053.
860831053
List the prime factors of 676324904.
2, 84540613
What are the prime factors of 1346778832?
2, 7, 12024811
List the prime factors of 1420163618.
2, 283, 2509123
What are the prime factors of 485329978?
2, 7, 34666427
List the prime factors of 40384572.
2, 3, 3365381
List the prime factors of 237425947.
11, 21584177
List the prime factors of 64564144.
2, 4035259
What are the prime factors of 73726608?
2, 3, 1535971
List the prime factors of 68056797.
3, 17, 1021, 1307
What are the prime factors of 54925300?
2, 5, 17, 32309
List the prime factors of 297231224.
2, 31, 1198513
List the prime factors of 450222524.
2, 2591, 43441
What are the prime factors of 19324013?
211, 91583
List the prime factors of 81194351.
7, 1429, 8117
What are the prime factors of 8457704?
2, 17, 62189
What are the prime factors of 3303811647?
3, 43, 911, 9371
List the prime factors of 23493828.
2, 3, 29, 67511
List the prime factors of 215277301.
157, 1371193
What are the prime factors of 276796734?
2, 3, 46132789
What are the prime factors of 43949391?
3, 14649797
What are the prime factors of 125724443?
13, 1013, 9547
What are the prime factors of 778582500?
2, 3, 5, 103811
List the prime factors of 681152981.
23, 43, 688729
What are the prime factors of 62584228?
2, 7, 71, 31481
List the prime factors of 330152808.
2, 3, 1399, 9833
List the prime factors of 58157103.
3, 353, 54917
What are the prime factors of 1834951120?
2, 5, 373, 61493
List the prime factors of 309908950.
2, 5, 13, 476783
What are the prime factors of 3021489675?
3, 5, 4476281
List the prime factors of 735878275.
5, 11, 2675921
List the prime factors of 22844845.
5, 4568969
List the prime factors of 5400973552.
2, 13, 233, 111443
List the prime factors of 123190432.
2, 17, 226453
What are the prime factors of 155943909?
3, 11, 467, 3373
List the prime factors of 30312993.
3, 107, 94433
What are the prime factors of 490485158?
2, 67, 787, 4651
List the prime factors of 8719054.
2, 4359527
List the prime factors of 27339370.
2, 5, 83, 32939
List the prime factors of 45184804.
2, 7, 227, 7109
List the prime factors of 2315755183.
7, 29, 11407661
List the prime factors of 3128155915.
5, 19, 149, 223, 991
List the prime factors of 4464043876.
2, 1116010969
List the prime factors of 7419194468.
2, 7, 17, 29, 76781
What are the prime factors of 135040980?
2, 3, 5, 19, 118457
What are the prime factors of 320207390?
2, 5, 911, 35149
List the prime factors of 2282553033.
3, 31, 24543581
List the prime factors of 12128492.
2, 97, 31259
List the prime factors of 177093829.
11, 53, 179, 1697
What are the prime factors of 644237939?
31, 677, 30697
What are the prime factors of 381039600?
2, 3, 5, 31, 10243
What are the prime factors of 6138209?
7, 11, 7247
What are the prime factors of 53321024?
2, 29, 28729
What are the prime factors of 7841640?
2, 3, 5, 101, 647
List the prime factors of 104949368.
2, 23, 24799
List the prime factors of 611551752.
2, 3, 7, 89, 5843
What are the prime factors of 2232538821?
3, 17, 4863919
What are the prime factors of 95070052?
2, 7, 11, 17, 67, 271
What are the prime factors of 1143743423?
1143743423
List the prime factors of 2267723799.
3, 11, 2082391
What are the prime factors of 249452041?
139, 1794619
What are the prime factors of 177908908?
2, 1667, 26681
What are the prime factors of 2487503300?
2, 5, 24875033
What are the prime factors of 1261986376?
2, 7, 71, 45343
List the prime factors of 86751943.
61, 1422163
What are the prime factors of 3902802817?
23, 53, 3201643
What are the prime factors of 320102267?
103, 3107789
What are the prime factors of 49094035?
5, 9818807
What are the prime factors of 306734562?
2, 3, 17040809
What are the prime factors of 785310095?
5, 157062019
List the prime factors of 19567344.
2, 3, 29, 14057
List the prime factors of 2480685727.
13, 190821979
List the prime factors of 92704826.
2, 46352413
List the prime factors of 83079952.
2, 17, 305441
List the prime factors of 76053482.
2, 38026741
List the prime factors of 2989570532.
2, 13, 57491741
What are the prime factors of 510381933?
3, 19, 29, 308761
What are the prime factors of 272629367?
272629367
What are the prime factors of 2637274944?
2, 3, 23, 597209
List the prime factors of 2221453490.
2, 5, 31, 7165979
List the prime factors of 4679778449.
58727, 79687
List the prime factors of 6659222970.
2, 3, 5, 89, 2494091
What are the prime factors of 28448216?
2, 79, 45013
What are the prime factors of 194224976?
2, 11, 61, 79, 229
What are the prime factors of 139998550?
2, 5, 1193, 2347
List the prime factors of 397406808.
2, 3, 47, 117437
List the prime factors of 286323942.
2, 3, 47720657
List the prime factors of 1150433634.
2, 3, 7, 1697, 16141
What are the prime factors of 3498067203?
3, 17, 29, 1481, 1597
List the prime factors of 52342395.
3, 5, 7, 43, 11593
What are the prime factors of 153530371?
223, 688477
What are the prime factors of 75061187?
43, 397, 4397
What are the prime factors of 2299049753?
7, 11, 13, 157, 14629
List the prime factors of 79206516.
2, 3, 19, 43, 2693
What are the prime factors of 49763015?
5, 89, 111827
List the prime factors of 19158247.
3271, 5857
What are the prime factors of 243397359?
3, 37, 53, 4597
List the prime factors of 60513893.
11, 967, 5689
What are the prime factors of 72286700?
2, 5, 23, 53, 593
List the prime factors of 2011548261.
3, 61, 353, 31139
What are the prime factors of 5740647343?
26399, 217457
List the prime factors of 319810277.
37, 8643521
What are the prime factors of 4631216312?
2, 2437, 237547
List the prime factors of 87178351.
13, 787, 8521
List th